{"id":82,"date":"2023-05-24T06:24:14","date_gmt":"2023-05-24T06:24:14","guid":{"rendered":"https:\/\/ofismakbilisim.com\/?page_id=82"},"modified":"2023-05-24T11:09:37","modified_gmt":"2023-05-24T11:09:37","slug":"kurumsal","status":"publish","type":"page","link":"https:\/\/ofismakbilisim.com\/index.php\/kurumsal\/","title":{"rendered":"KURUMSAL"},"content":{"rendered":"\t\t<div data-elementor-type=\"wp-page\" data-elementor-id=\"82\" class=\"elementor elementor-82\">\n\t\t\t\t\t\t\t\t\t<section class=\"elementor-section elementor-top-section elementor-element elementor-element-164149b elementor-section-full_width elementor-section-height-full elementor-section-height-default elementor-section-items-middle\" data-id=\"164149b\" data-element_type=\"section\">\n\t\t\t\t\t\t<div class=\"elementor-container elementor-column-gap-no\">\n\t\t\t\t\t<div class=\"elementor-column elementor-col-50 elementor-top-column elementor-element elementor-element-e70d86a\" data-id=\"e70d86a\" data-element_type=\"column\">\n\t\t\t<div class=\"elementor-widget-wrap elementor-element-populated\">\n\t\t\t\t\t\t\t\t<section class=\"elementor-section elementor-inner-section elementor-element elementor-element-ba731e9 elementor-section-boxed elementor-section-height-default elementor-section-height-default\" data-id=\"ba731e9\" data-element_type=\"section\">\n\t\t\t\t\t\t<div class=\"elementor-container elementor-column-gap-default\">\n\t\t\t\t\t<div class=\"elementor-column elementor-col-50 elementor-inner-column elementor-element elementor-element-c2f0848\" data-id=\"c2f0848\" data-element_type=\"column\">\n\t\t\t<div class=\"elementor-widget-wrap\">\n\t\t\t\t\t\t\t\t\t<\/div>\n\t\t<\/div>\n\t\t\t\t<div class=\"elementor-column elementor-col-50 elementor-inner-column elementor-element elementor-element-69ea9f4\" data-id=\"69ea9f4\" data-element_type=\"column\">\n\t\t\t<div class=\"elementor-widget-wrap elementor-element-populated\">\n\t\t\t\t\t\t\t\t<div class=\"elementor-element elementor-element-e9bc3fd elementor-widget elementor-widget-heading\" data-id=\"e9bc3fd\" data-element_type=\"widget\" data-widget_type=\"heading.default\">\n\t\t\t\t<div class=\"elementor-widget-container\">\n\t\t\t<style>\/*! elementor - v3.18.0 - 20-12-2023 *\/\n.elementor-heading-title{padding:0;margin:0;line-height:1}.elementor-widget-heading .elementor-heading-title[class*=elementor-size-]>a{color:inherit;font-size:inherit;line-height:inherit}.elementor-widget-heading .elementor-heading-title.elementor-size-small{font-size:15px}.elementor-widget-heading .elementor-heading-title.elementor-size-medium{font-size:19px}.elementor-widget-heading .elementor-heading-title.elementor-size-large{font-size:29px}.elementor-widget-heading .elementor-heading-title.elementor-size-xl{font-size:39px}.elementor-widget-heading .elementor-heading-title.elementor-size-xxl{font-size:59px}<\/style><h2 class=\"elementor-heading-title elementor-size-default\">Hakk\u0131m\u0131zda<\/h2>\t\t<\/div>\n\t\t\t\t<\/div>\n\t\t\t\t<div class=\"elementor-element elementor-element-a54e904 elementor-widget elementor-widget-image\" data-id=\"a54e904\" data-element_type=\"widget\" data-widget_type=\"image.default\">\n\t\t\t\t<div class=\"elementor-widget-container\">\n\t\t\t<style>\/*! elementor - v3.18.0 - 20-12-2023 *\/\n.elementor-widget-image{text-align:center}.elementor-widget-image a{display:inline-block}.elementor-widget-image a img[src$=\".svg\"]{width:48px}.elementor-widget-image img{vertical-align:middle;display:inline-block}<\/style>\t\t\t\t\t\t\t\t\t\t\t\t<img decoding=\"async\" width=\"277\" height=\"15\" src=\"https:\/\/ofismakbilisim.com\/wp-content\/uploads\/2023\/05\/red_line.png\" class=\"attachment-large size-large wp-image-243\" alt=\"\" \/>\t\t\t\t\t\t\t\t\t\t\t\t\t\t\t<\/div>\n\t\t\t\t<\/div>\n\t\t\t\t<div class=\"elementor-element elementor-element-82cd84f elementor-widget elementor-widget-text-editor\" data-id=\"82cd84f\" data-element_type=\"widget\" data-widget_type=\"text-editor.default\">\n\t\t\t\t<div class=\"elementor-widget-container\">\n\t\t\t<style>\/*! elementor - v3.18.0 - 20-12-2023 *\/\n.elementor-widget-text-editor.elementor-drop-cap-view-stacked .elementor-drop-cap{background-color:#69727d;color:#fff}.elementor-widget-text-editor.elementor-drop-cap-view-framed .elementor-drop-cap{color:#69727d;border:3px solid;background-color:transparent}.elementor-widget-text-editor:not(.elementor-drop-cap-view-default) .elementor-drop-cap{margin-top:8px}.elementor-widget-text-editor:not(.elementor-drop-cap-view-default) .elementor-drop-cap-letter{width:1em;height:1em}.elementor-widget-text-editor .elementor-drop-cap{float:left;text-align:center;line-height:1;font-size:50px}.elementor-widget-text-editor .elementor-drop-cap-letter{display:inline-block}<\/style>\t\t\t\t<p>Ofismak \u00c7\u00f6z\u00fcm Sistemleri ve Reklamc\u0131l\u0131k San.Tic.Ltd.\u015eti ad\u0131 alt\u0131nda 2004 y\u0131l\u0131nda faaliyete ba\u015flayan firmam\u0131z 15 y\u0131ll\u0131k s\u00fcre\u00e7 i\u00e7erisinde Siyah Beyaz Fotokopi makinalar\u0131, renkli dijital Fotokopi Makinalar\u0131, Mono Lazer Yaz\u0131c\u0131lar, Renkli Yaz\u0131c\u0131lar ve geni\u015f format yaz\u0131c\u0131lar\u0131n sat\u0131\u015f\u0131n\u0131 ve sat\u0131\u015f sonras\u0131 hizmetlerini b\u00fcnyesinde bulundurdu\u011fu uzman personeller ile y\u00fcr\u00fctmektedir.<br \/>Sekt\u00f6rde T\u00fcrkiyede en \u00e7ok satan fotokopi markalar\u0131 KYOCERA &#8211; CANON \u2013 HP -OKI ; Siyah Beyaz Dijital Fotokopi Makineleri, Renkli Dijital Fotokopi Makinelerinin sat\u0131\u015f\u0131nda,kiralamas\u0131nda,sarf malzeme tedari\u011finde ve teknik servis hizmetlerinde g\u00f6stermi\u015f oldu\u011fu performans ile sekt\u00f6r\u00fcnde \u00f6nc\u00fc firmalar aras\u0131nda yer almaktad\u0131r. Son d\u00f6nemde girdi\u011fimiz ajans faaliyetleri.matbaac\u0131l\u0131k ve a\u00e7\u0131k hava reklamc\u0131l\u0131k konusunda da h\u0131zla ilerlemekteyiz.<\/p>\t\t\t\t\t\t<\/div>\n\t\t\t\t<\/div>\n\t\t\t\t\t<\/div>\n\t\t<\/div>\n\t\t\t\t\t\t\t<\/div>\n\t\t<\/section>\n\t\t\t\t\t<\/div>\n\t\t<\/div>\n\t\t\t\t<div class=\"elementor-column elementor-col-50 elementor-top-column elementor-element elementor-element-51309f6\" data-id=\"51309f6\" data-element_type=\"column\" data-settings=\"{&quot;background_background&quot;:&quot;classic&quot;}\">\n\t\t\t<div class=\"elementor-widget-wrap elementor-element-populated\">\n\t\t\t\t\t\t\t\t<div class=\"elementor-element elementor-element-61c4d2b elementor-widget elementor-widget-spacer\" data-id=\"61c4d2b\" data-element_type=\"widget\" data-widget_type=\"spacer.default\">\n\t\t\t\t<div class=\"elementor-widget-container\">\n\t\t\t<style>\/*! elementor - v3.18.0 - 20-12-2023 *\/\n.elementor-column .elementor-spacer-inner{height:var(--spacer-size)}.e-con{--container-widget-width:100%}.e-con-inner>.elementor-widget-spacer,.e-con>.elementor-widget-spacer{width:var(--container-widget-width,var(--spacer-size));--align-self:var(--container-widget-align-self,initial);--flex-shrink:0}.e-con-inner>.elementor-widget-spacer>.elementor-widget-container,.e-con>.elementor-widget-spacer>.elementor-widget-container{height:100%;width:100%}.e-con-inner>.elementor-widget-spacer>.elementor-widget-container>.elementor-spacer,.e-con>.elementor-widget-spacer>.elementor-widget-container>.elementor-spacer{height:100%}.e-con-inner>.elementor-widget-spacer>.elementor-widget-container>.elementor-spacer>.elementor-spacer-inner,.e-con>.elementor-widget-spacer>.elementor-widget-container>.elementor-spacer>.elementor-spacer-inner{height:var(--container-widget-height,var(--spacer-size))}.e-con-inner>.elementor-widget-spacer.elementor-widget-empty,.e-con>.elementor-widget-spacer.elementor-widget-empty{position:relative;min-height:22px;min-width:22px}.e-con-inner>.elementor-widget-spacer.elementor-widget-empty .elementor-widget-empty-icon,.e-con>.elementor-widget-spacer.elementor-widget-empty .elementor-widget-empty-icon{position:absolute;top:0;bottom:0;left:0;right:0;margin:auto;padding:0;width:22px;height:22px}<\/style>\t\t<div class=\"elementor-spacer\">\n\t\t\t<div class=\"elementor-spacer-inner\"><\/div>\n\t\t<\/div>\n\t\t\t\t<\/div>\n\t\t\t\t<\/div>\n\t\t\t\t\t<\/div>\n\t\t<\/div>\n\t\t\t\t\t\t\t<\/div>\n\t\t<\/section>\n\t\t\t\t\t\t\t<\/div>\n\t\t","protected":false},"excerpt":{"rendered":"<p>Hakk\u0131m\u0131zda Ofismak \u00c7\u00f6z\u00fcm Sistemleri ve Reklamc\u0131l\u0131k San.Tic.Ltd.\u015eti ad\u0131 alt\u0131nda 2004 y\u0131l\u0131nda faaliyete ba\u015flayan firmam\u0131z 15 y\u0131ll\u0131k s\u00fcre\u00e7 i\u00e7erisinde Siyah Beyaz Fotokopi makinalar\u0131, renkli dijital Fotokopi Makinalar\u0131, Mono Lazer Yaz\u0131c\u0131lar, Renkli Yaz\u0131c\u0131lar ve geni\u015f format yaz\u0131c\u0131lar\u0131n sat\u0131\u015f\u0131n\u0131 ve sat\u0131\u015f sonras\u0131 hizmetlerini b\u00fcnyesinde bulundurdu\u011fu uzman personeller ile y\u00fcr\u00fctmektedir.Sekt\u00f6rde T\u00fcrkiyede en \u00e7ok satan fotokopi markalar\u0131 KYOCERA &#8211; CANON &hellip;<\/p>\n<p class=\"read-more\"> <a class=\"\" href=\"https:\/\/ofismakbilisim.com\/index.php\/kurumsal\/\"> <span class=\"screen-reader-text\">KURUMSAL<\/span> Devam\u0131 &raquo;<\/a><\/p>\n","protected":false},"author":1,"featured_media":0,"parent":0,"menu_order":0,"comment_status":"closed","ping_status":"closed","template":"elementor_header_footer","meta":{"inline_featured_image":false,"site-sidebar-layout":"no-sidebar","site-content-layout":"page-builder","ast-site-content-layout":"","site-content-style":"default","site-sidebar-style":"default","ast-global-header-display":"","ast-banner-title-visibility":"","ast-main-header-display":"","ast-hfb-above-header-display":"","ast-hfb-below-header-display":"","ast-hfb-mobile-header-display":"","site-post-title":"disabled","ast-breadcrumbs-content":"","ast-featured-img":"disabled","footer-sml-layout":"","theme-transparent-header-meta":"","adv-header-id-meta":"","stick-header-meta":"","header-above-stick-meta":"","header-main-stick-meta":"","header-below-stick-meta":"","astra-migrate-meta-layouts":"","ast-page-background-enabled":"default","ast-page-background-meta":{"desktop":{"background-color":"var(--ast-global-color-4)","background-image":"","background-repeat":"repeat","background-position":"center center","background-size":"auto","background-attachment":"scroll","background-type":"","background-media":"","overlay-type":"","overlay-color":"","overlay-gradient":""},"tablet":{"background-color":"","background-image":"","background-repeat":"repeat","background-position":"center center","background-size":"auto","background-attachment":"scroll","background-type":"","background-media":"","overlay-type":"","overlay-color":"","overlay-gradient":""},"mobile":{"background-color":"","background-image":"","background-repeat":"repeat","background-position":"center center","background-size":"auto","background-attachment":"scroll","background-type":"","background-media":"","overlay-type":"","overlay-color":"","overlay-gradient":""}},"ast-content-background-meta":{"desktop":{"background-color":"var(--ast-global-color-5)","background-image":"","background-repeat":"repeat","background-position":"center center","background-size":"auto","background-attachment":"scroll","background-type":"","background-media":"","overlay-type":"","overlay-color":"","overlay-gradient":""},"tablet":{"background-color":"var(--ast-global-color-5)","background-image":"","background-repeat":"repeat","background-position":"center center","background-size":"auto","background-attachment":"scroll","background-type":"","background-media":"","overlay-type":"","overlay-color":"","overlay-gradient":""},"mobile":{"background-color":"var(--ast-global-color-5)","background-image":"","background-repeat":"repeat","background-position":"center center","background-size":"auto","background-attachment":"scroll","background-type":"","background-media":"","overlay-type":"","overlay-color":"","overlay-gradient":""}},"footnotes":""},"class_list":["post-82","page","type-page","status-publish","hentry"],"yoast_head":"<!-- This site is optimized with the Yoast SEO plugin v21.8.1 - https:\/\/yoast.com\/wordpress\/plugins\/seo\/ -->\r\n<title>KURUMSAL - Matbaa ve Bask\u0131 Sistemleri<\/title>\r\n<meta name=\"robots\" content=\"index, follow, max-snippet:-1, max-image-preview:large, max-video-preview:-1\" \/>\r\n<link rel=\"canonical\" href=\"https:\/\/ofismakbilisim.com\/index.php\/kurumsal\/\" \/>\r\n<meta property=\"og:locale\" content=\"tr_TR\" \/>\r\n<meta property=\"og:type\" content=\"article\" \/>\r\n<meta property=\"og:title\" content=\"KURUMSAL - Matbaa ve Bask\u0131 Sistemleri\" \/>\r\n<meta property=\"og:description\" content=\"Hakk\u0131m\u0131zda Ofismak \u00c7\u00f6z\u00fcm Sistemleri ve Reklamc\u0131l\u0131k San.Tic.Ltd.\u015eti ad\u0131 alt\u0131nda 2004 y\u0131l\u0131nda faaliyete ba\u015flayan firmam\u0131z 15 y\u0131ll\u0131k s\u00fcre\u00e7 i\u00e7erisinde Siyah Beyaz Fotokopi makinalar\u0131, renkli dijital Fotokopi Makinalar\u0131, Mono Lazer Yaz\u0131c\u0131lar, Renkli Yaz\u0131c\u0131lar ve geni\u015f format yaz\u0131c\u0131lar\u0131n sat\u0131\u015f\u0131n\u0131 ve sat\u0131\u015f sonras\u0131 hizmetlerini b\u00fcnyesinde bulundurdu\u011fu uzman personeller ile y\u00fcr\u00fctmektedir.Sekt\u00f6rde T\u00fcrkiyede en \u00e7ok satan fotokopi markalar\u0131 KYOCERA &#8211; CANON &hellip; KURUMSAL Devam\u0131 &raquo;\" \/>\r\n<meta property=\"og:url\" content=\"https:\/\/ofismakbilisim.com\/index.php\/kurumsal\/\" \/>\r\n<meta property=\"og:site_name\" content=\"Matbaa ve Bask\u0131 Sistemleri\" \/>\r\n<meta property=\"article:modified_time\" content=\"2023-05-24T11:09:37+00:00\" \/>\r\n<meta property=\"og:image\" content=\"https:\/\/ofismakbilisim.com\/wp-content\/uploads\/2023\/05\/red_line.png\" \/>\r\n<meta name=\"twitter:card\" content=\"summary_large_image\" \/>\r\n<meta name=\"twitter:label1\" content=\"Tahmini okuma s\u00fcresi\" \/>\n\t<meta name=\"twitter:data1\" content=\"1 dakika\" \/>\r\n<script type=\"application\/ld+json\" class=\"yoast-schema-graph\">{\"@context\":\"https:\/\/schema.org\",\"@graph\":[{\"@type\":\"WebPage\",\"@id\":\"https:\/\/ofismakbilisim.com\/index.php\/kurumsal\/\",\"url\":\"https:\/\/ofismakbilisim.com\/index.php\/kurumsal\/\",\"name\":\"KURUMSAL - Matbaa ve Bask\u0131 Sistemleri\",\"isPartOf\":{\"@id\":\"https:\/\/ofismakbilisim.com\/#website\"},\"datePublished\":\"2023-05-24T06:24:14+00:00\",\"dateModified\":\"2023-05-24T11:09:37+00:00\",\"breadcrumb\":{\"@id\":\"https:\/\/ofismakbilisim.com\/index.php\/kurumsal\/#breadcrumb\"},\"inLanguage\":\"tr\",\"potentialAction\":[{\"@type\":\"ReadAction\",\"target\":[\"https:\/\/ofismakbilisim.com\/index.php\/kurumsal\/\"]}]},{\"@type\":\"BreadcrumbList\",\"@id\":\"https:\/\/ofismakbilisim.com\/index.php\/kurumsal\/#breadcrumb\",\"itemListElement\":[{\"@type\":\"ListItem\",\"position\":1,\"name\":\"Anasayfa\",\"item\":\"https:\/\/ofismakbilisim.com\/\"},{\"@type\":\"ListItem\",\"position\":2,\"name\":\"KURUMSAL\"}]},{\"@type\":\"WebSite\",\"@id\":\"https:\/\/ofismakbilisim.com\/#website\",\"url\":\"https:\/\/ofismakbilisim.com\/\",\"name\":\"Matbaa ve Bask\u0131 Sistemleri\",\"description\":\"\",\"potentialAction\":[{\"@type\":\"SearchAction\",\"target\":{\"@type\":\"EntryPoint\",\"urlTemplate\":\"https:\/\/ofismakbilisim.com\/?s={search_term_string}\"},\"query-input\":\"required name=search_term_string\"}],\"inLanguage\":\"tr\"}]}<\/script>\r\n<!-- \/ Yoast SEO plugin. -->","yoast_head_json":{"title":"KURUMSAL - Matbaa ve Bask\u0131 Sistemleri","robots":{"index":"index","follow":"follow","max-snippet":"max-snippet:-1","max-image-preview":"max-image-preview:large","max-video-preview":"max-video-preview:-1"},"canonical":"https:\/\/ofismakbilisim.com\/index.php\/kurumsal\/","og_locale":"tr_TR","og_type":"article","og_title":"KURUMSAL - Matbaa ve Bask\u0131 Sistemleri","og_description":"Hakk\u0131m\u0131zda Ofismak \u00c7\u00f6z\u00fcm Sistemleri ve Reklamc\u0131l\u0131k San.Tic.Ltd.\u015eti ad\u0131 alt\u0131nda 2004 y\u0131l\u0131nda faaliyete ba\u015flayan firmam\u0131z 15 y\u0131ll\u0131k s\u00fcre\u00e7 i\u00e7erisinde Siyah Beyaz Fotokopi makinalar\u0131, renkli dijital Fotokopi Makinalar\u0131, Mono Lazer Yaz\u0131c\u0131lar, Renkli Yaz\u0131c\u0131lar ve geni\u015f format yaz\u0131c\u0131lar\u0131n sat\u0131\u015f\u0131n\u0131 ve sat\u0131\u015f sonras\u0131 hizmetlerini b\u00fcnyesinde bulundurdu\u011fu uzman personeller ile y\u00fcr\u00fctmektedir.Sekt\u00f6rde T\u00fcrkiyede en \u00e7ok satan fotokopi markalar\u0131 KYOCERA &#8211; CANON &hellip; KURUMSAL Devam\u0131 &raquo;","og_url":"https:\/\/ofismakbilisim.com\/index.php\/kurumsal\/","og_site_name":"Matbaa ve Bask\u0131 Sistemleri","article_modified_time":"2023-05-24T11:09:37+00:00","og_image":[{"url":"https:\/\/ofismakbilisim.com\/wp-content\/uploads\/2023\/05\/red_line.png"}],"twitter_card":"summary_large_image","twitter_misc":{"Tahmini okuma s\u00fcresi":"1 dakika"},"schema":{"@context":"https:\/\/schema.org","@graph":[{"@type":"WebPage","@id":"https:\/\/ofismakbilisim.com\/index.php\/kurumsal\/","url":"https:\/\/ofismakbilisim.com\/index.php\/kurumsal\/","name":"KURUMSAL - Matbaa ve Bask\u0131 Sistemleri","isPartOf":{"@id":"https:\/\/ofismakbilisim.com\/#website"},"datePublished":"2023-05-24T06:24:14+00:00","dateModified":"2023-05-24T11:09:37+00:00","breadcrumb":{"@id":"https:\/\/ofismakbilisim.com\/index.php\/kurumsal\/#breadcrumb"},"inLanguage":"tr","potentialAction":[{"@type":"ReadAction","target":["https:\/\/ofismakbilisim.com\/index.php\/kurumsal\/"]}]},{"@type":"BreadcrumbList","@id":"https:\/\/ofismakbilisim.com\/index.php\/kurumsal\/#breadcrumb","itemListElement":[{"@type":"ListItem","position":1,"name":"Anasayfa","item":"https:\/\/ofismakbilisim.com\/"},{"@type":"ListItem","position":2,"name":"KURUMSAL"}]},{"@type":"WebSite","@id":"https:\/\/ofismakbilisim.com\/#website","url":"https:\/\/ofismakbilisim.com\/","name":"Matbaa ve Bask\u0131 Sistemleri","description":"","potentialAction":[{"@type":"SearchAction","target":{"@type":"EntryPoint","urlTemplate":"https:\/\/ofismakbilisim.com\/?s={search_term_string}"},"query-input":"required name=search_term_string"}],"inLanguage":"tr"}]}},"_links":{"self":[{"href":"https:\/\/ofismakbilisim.com\/index.php\/wp-json\/wp\/v2\/pages\/82","targetHints":{"allow":["GET"]}}],"collection":[{"href":"https:\/\/ofismakbilisim.com\/index.php\/wp-json\/wp\/v2\/pages"}],"about":[{"href":"https:\/\/ofismakbilisim.com\/index.php\/wp-json\/wp\/v2\/types\/page"}],"author":[{"embeddable":true,"href":"https:\/\/ofismakbilisim.com\/index.php\/wp-json\/wp\/v2\/users\/1"}],"replies":[{"embeddable":true,"href":"https:\/\/ofismakbilisim.com\/index.php\/wp-json\/wp\/v2\/comments?post=82"}],"version-history":[{"count":13,"href":"https:\/\/ofismakbilisim.com\/index.php\/wp-json\/wp\/v2\/pages\/82\/revisions"}],"predecessor-version":[{"id":398,"href":"https:\/\/ofismakbilisim.com\/index.php\/wp-json\/wp\/v2\/pages\/82\/revisions\/398"}],"wp:attachment":[{"href":"https:\/\/ofismakbilisim.com\/index.php\/wp-json\/wp\/v2\/media?parent=82"}],"curies":[{"name":"wp","href":"https:\/\/api.w.org\/{rel}","templated":true}]}}